
False
Is 31 a factor of 21242215?
False
Is 3763649 a multiple of 233?
True
Is 14 a factor of 9057832?
True
Is 9 a factor of 504018?
True
Does 494 divide 1705782?
True
Does 47 divide 1405239?
False
Does 6 divide 410933?
False
Is 921 a factor of 18420?
True
Is 2462680 a multiple of 88?
True
Does 746 divide 78330?
True
Is 21 a factor of 81504?
False
Does 3 divide 1068606?
True
Is 6 a factor of 233314?
False
Is 20 a factor of 1639800?
True
Is 252 a factor of 3275588?
False
Is 117 a factor of 1961254?
False
Does 17 divide 7892216?
True
Is 79 a factor of 100609?
False
Is 13 a factor of 1015756?
False
Is 71 a factor of 22008?
False
Is 4 a factor of 36872?
True
Does 634 divide 154062?
True
Does 26 divide 278720?
True
Is 22 a factor of 6332832?
True
Does 31 divide 31269?
False
Is 529976 a multiple of 135?
False
Is 18 a factor of 1166970?
False
Does 381 divide 483682?
False
Does 33 divide 125004?
True
Is 957688 a multiple of 236?
True
Does 29 divide 1990676?
True
Does 809 divide 1396305?
False
Is 42 a factor of 6697998?
False
Does 908 divide 1206732?
True
Is 6106240 a multiple of 56?
True
Is 204 a factor of 526879?
False
Does 21 divide 7215117?
True
Is 9 a factor of 3692?
False
Does 571 divide 1224224?
True
Is 26 a factor of 223132?
True
Is 55 a factor of 220660?
True
Does 7 divide 1945915?
False
Is 15659292 a multiple of 194?
True
Is 728210 a multiple of 202?
True
Does 96 divide 9762144?
True
Is 88 a factor of 423192?
True
Is 1398038 a multiple of 63?
False
Is 25 a factor of 13196850?
True
Does 13 divide 1333579?
True
Does 20 divide 1436400?
True
Does 7 divide 291508?
True
Is 906366 a multiple of 28?
False
Is 27 a factor of 242487?
True
Is 1055360 a multiple of 320?
True
Is 945736 a multiple of 242?
True
Is 22099154 a multiple of 11?
True
Is 850305 a multiple of 3?
True
Is 2091510 a multiple of 17?
True
Is 1510592 a multiple of 16?
True
Is 617834 a multiple of 111?
False
Does 11 divide 176753?
False
Does 14 divide 4761722?
True
Is 1703181 a multiple of 183?
True
Is 39 a factor of 4828?
False
Is 10 a factor of 110500?
True
Does 16 divide 221376?
True
Is 13805 a multiple of 5?
True
Is 5796720 a multiple of 498?
True
Does 70 divide 1187270?
True
Is 277296 a multiple of 636?
True
Is 267 a factor of 151656?
True
Is 7248740 a multiple of 14?
False
Is 1666865 a multiple of 3?
False
Does 12 divide 19514867?
False
Is 75 a factor of 7650?
True
Is 1221112 a multiple of 85?
False
Is 237 a factor of 253167?
False
Is 471750 a multiple of 125?
True
Is 296 a factor of 1577870?
False
Is 46 a factor of 2213244?
True
Is 18 a factor of 2107314?
True
Does 192 divide 350239?
False
Is 1211 a factor of 3440451?
True
Is 42 a factor of 72744?
True
Does 67 divide 41808?
True
Is 3312 a multiple of 24?
True
Is 200827 even?
False
Does 591 divide 7612671?
True
Is 97 a factor of 48449?
False
Is 10121 a multiple of 39?
False
Is 181 a factor of 1379039?
True
Does 48 divide 51100?
False
Does 345 divide 227010?
True
Is 359245 a multiple of 41?
False
Is 104508 a multiple of 12?
True
Is 211245 a multiple of 5?
True
Is 13 a factor of 374868?
True
Is 249 a factor of 5756880?
True
Is 2096420 even?
True
Is 14 a factor of 71358?
True
Is 43 a factor of 2806461?
False
Does 48 divide 770352?
True
Is 7 a factor of 144984?
True
Is 715583 a multiple of 536?
False
Does 423 divide 399735?
True
Is 262 a factor of 3762582?
True
Does 6 divide 41106?
True
Is 451740 a multiple of 21?
False
Is 156630 a multiple of 10?
True
Does 457 divide 1581481?
False
Is 15 a factor of 796890?
True
Is 207408 a multiple of 348?
True
Is 14 a factor of 100708?
False
Is 864436 a multiple of 257?
False
Is 15 a factor of 44263110?
True
Is 42 a factor of 516558?
True
Is 53 a factor of 293305?
False
Does 93 divide 74400?
True
Does 487 divide 8391497?
True
Is 369 a factor of 6113965?
False
Does 332 divide 4370599?
False
Is 3 a factor of 332611?
False
Is 10474273 a multiple of 441?
False
Is 81533 a multiple of 7?
False
Does 87 divide 10762596?
True
Is 2118197 a multiple of 15?
False
Is 1250936 a multiple of 76?
False
Is 24 a factor of 15672?
True
Is 176 a factor of 451440?
True
Is 1090352 a multiple of 9?
False
Is 1662080 a multiple of 1696?
True
Is 17705653 a multiple of 124?
False
Is 623990 a multiple of 8?
False
Is 168 a factor of 556596?
False
Does 57 divide 397689?
True
Is 15183 a multiple of 723?
True
Does 60 divide 48626?
False
Does 101 divide 694855?
False
Does 114 divide 3743988?
True
Is 353346 a multiple of 25?
False
Is 474206 a multiple of 19?
False
Is 4703446 a multiple of 974?
True
Does 14 divide 158130?
True
Is 7563590 a multiple of 755?
True
Is 941746 a multiple of 377?
True
Is 61889 a multiple of 199?
True
Is 19344 a multiple of 25?
False
Does 34 divide 607818?
True
Is 1567147 a multiple of 603?
False
Is 183 a factor of 1641604?
False
Is 13431015 a multiple of 13?
True
Does 95 divide 23611775?
True
Does 13 divide 1926822?
False
Is 313 a factor of 199302?
False
Is 347 a factor of 127002?
True
Is 15613020 a multiple of 29?
True
Does 974 divide 3849248?
True
Is 14928 a multiple of 311?
True
Is 52 a factor of 759409?
False
Is 116 a factor of 136665?
False
Is 76220 a multiple of 412?
True
Does 71 divide 233431?
False
Does 48 divide 11936652?
False
Does 132 divide 2712428?
False
Is 122580 a multiple of 3?
True
Is 161 a factor of 162660?
False
Is 3083 a multiple of 6?
False
Is 27 a factor of 16178?
False
Is 218657 a multiple of 14?
False
Is 293656 a multiple of 568?
True
Is 322 a factor of 337345?
False
Is 375553 a multiple of 11?
False
Does 440 divide 2740738?
False
Is 2253060 a multiple of 53?
False
Is 314 a factor of 124658?
True
Does 63 divide 332298?
False
Is 626384 a multiple of 22?
True
Is 3612656 a multiple of 46?
True
Is 254220 a multiple of 12?
True
Does 54 divide 149277?
False
Is 62 a factor of 9858?
True
Does 856 divide 9254216?
True
Is 577449 a multiple of 21?
False
Does 20 divide 4795800?
True
Does 1057 divide 1816983?
True
Is 14 a factor of 569660?
True
Is 960 a factor of 5129342?
False
Is 21539 a multiple of 7?
True
Is 57 a factor of 8721?
True
Does 107 divide 4656854?
True
Is 218 a factor of 144127?
False
Is 272506 a multiple of 223?
True
Does 160 divide 71200?
True
Does 31 divide 102748?
False
Is 1563112 a multiple of 8?
True
Does 16 divide 12857?
False
Is 145 a factor of 688460?
True
Is 18 a factor of 165656?
False
Does 60 divide 116701?
False
Does 576 divide 7012618?
False
Is 1808696 a multiple of 530?
False
Is 1340443 a multiple of 5?
False
Does 157 divide 15468111?
True
Is 27 a factor of 1421847?
True
Is 8 a factor of 12240?
True
Is 3 a factor of 131889?
True
Is 17 a factor of 319450?
False
Does 5 divide 801470?
True
Does 573 divide 280770?
True
Is 24 a factor of 741072?
True
Does 168 divide 10933554?
False
Does 943 divide 31280192?
False
Is 37218 a multiple of 38?
False
Is 186623 a multiple of 433?
True
Is 82063 a multiple of 66?
False
Is 29 a factor of 7026607?
False
Is 47523 a multiple of 15?
False
Does 49 divide 74137?
True
Is 33 a factor of 1018598?
False
Is 503 a factor of 10563?
True
Is 55 a factor of 1869029?
False
Is 26395 a multiple of 96?
False
Is 7087669 a multiple of 2126?
False
Is 174861 a multiple of 113?
False
Is 502 a factor of 637836?
False
Is 42 a factor of 14364?
True
Is 9412650 a multiple of 22?
False
Does 467 divide 1023419?
False
Is 37 a factor of 209605?
True
Is 1223904 a multiple of 1056?
True
Does 54 divide 504684?
True
Is 5341492 a multiple of 1807?
True
Is 1182456 a multiple of 57?
False
Is 25 a factor of 3296975?
True
Is 1243986 a multiple of 383?
False
Is 111240 a multiple of 108?
True
Is 103 a factor of 605640?
True
Does 33 divide 7755?
True
Is 3 a factor of 2748652?
False
Is 4881100 a multiple of 14?
True
Is 57 a factor of 266703?
True
Is 1959715 a multiple of 720?
False
Is 16 a factor of 21504?
True
Is 2 a factor of 1208?
True
Is 2149645 a multiple of 36?
False
Is 39 a factor of 101549?
False
Is 23 a factor of 14582?
True
Is 128205 a multiple of 3?
True
Does 13 divide 695383?
True
Is 524421 a multiple of 49?
False
Does 15 divide 342510?
True
Is 411873 a multiple of 77?
True
Does 42 divide 1059560?
False
Is 282953 a multiple of 106?
False
Is 1515221 a multiple of 49?
False
Is 79 a factor of 427206?
False
Does 1496 divide 9669385?
False
Is 2742295 a multiple of 20?
